et l = -356 - q. Calculate the highest common divisor of 35 and l.
35
Let z = 19103 - 14011. Calculate the highest common divisor of 76 and z.
76
Let y be (12 + 20/4)/(5/10). Suppose -4 = -2*t - 4*r, 0 = 2*t + 8*r - 10*r - y. Calculate the greatest common divisor of t and 3.
3
Let x be (30 + 0)*2040/612*(-3)/(-15). Let s = 15 - -5. What is the highest common divisor of x and s?
20
Suppose -5*v + 2400 = -5*n, 0 = -2*v - 25*n + 23*n + 960. Suppose 214 = h + 4*y, -2*h + 0*h + 5*y + v = 0. Calculate the highest common factor of 92 and h.
46
Let x be 10 + -19 + 3 + 1896. What is the highest common factor of 60 and x?
30
Let s be ((-1)/3)/1*-33. Suppose s*n - 9*n - 34 = 0. Calculate the greatest common factor of n and 340.
17
Let c(j) = 70*j - 7345. Let w be c(105). Calculate the greatest common divisor of w and 1330.
5
Let x = -47 - -95. Let l = -48 + x. Suppose -3*a + k = -40 - 5, l = -4*a - 4*k + 60. Calculate the greatest common divisor of 5 and a.
5
Suppose -4*s + 11*s = -420. Let a be (s/(-100))/(1/20). Calculate the highest common divisor of 60 and a.
12
Let u(j) = -2*j - 24. Let r be u(-11). Let n(b) = -15*b. Let m be n(r). Let v be 64/3*m/4. Calculate the greatest common factor of 32 and v.
32
Let c be -1 + -2 - (0 + 1)/(-1). Let q be (1 + c)*-6*200/15. Let w = -78 + q. Calculate the highest common divisor of 22 and w.
2
Let g = 578 - 556. Let b = -240 - -394. What is the greatest common divisor of b and g?
22
Let f(o) = 2*o**2 - 22*o - 1101. Let p be f(30). Let r(k) = k**3 + 4*k**2 - 4*k - 1. Let m be r(-4). Calculate the highest common factor of p and m.
3
Let s be (16 - (2 - 0))*116/14. Calculate the highest common divisor of s and 22852.
116
Suppose 34*q + 832 = 38*q. Let x be q + -3 - (2 - 9). What is the highest common factor of 4 and x?
4
Let m be 2 + -5 - -3 - -22. Suppose -162 + m = -5*u. Suppose -4*p + 140 = p. What is the highest common factor of p and u?
28
Suppose 5*t = 15*t - 100. Suppose -5*q = 4*u - 256, 6 = -q - 2*u + 62. Let d = q + 62. What is the greatest common factor of d and t?
10
Let s = -94 + 209. Let c = -16748 + 16758. What is the highest common divisor of s and c?
5
Let z = -60 - -320. Let d be 12/1 + 8004/87. What is the highest common divisor of z and d?
52
Suppose 2*a - 6*a = 4*k + 48, 5*k - 17 = 2*a. Let b(j) = j**2 + 10*j + 21. Let q be b(a). Let i = -5 + 29. What is the greatest common divisor of i and q?
8
Let n(h) = h**3 + 75*h**2 + 264*h + 24. Let d be n(-71). Calculate the highest common divisor of 266 and d.
38
Let j(n) = -107*n**3 + 6*n**2 + 18*n + 15. Let s be j(-2). What is the highest common divisor of 1 and s?
1
Let r be 0 - (-2 + -72) - (65 + -61). Let n = r + 4. Calculate the highest common divisor of n and 185.
37
Let u be 706/(-10) + 36/(-90). Let v = u + 73. Suppose -c - 50 = -v*n + 2*c, 0 = 2*c. Calculate the greatest common divisor of n and 275.
25
Let o(u) = 6*u**2 + 3. Let y be o(3). Suppose -66*g - 34*g + 50242 = -12458. What is the greatest common factor of y and g?
57
Suppose -37*v + 42*v = 20. Suppose -4*h - v*t + 34 = -10, -4*t = -2*h + 10. Calculate the highest common divisor of 549 and h.
9
Let p be (-12)/2 + 15 + -14. Let a(t) = t + 7. Let k be a(p). Let j(y) = 4*y**2 + 6*y - 7. Let v be j(k). What is the highest common divisor of 21 and v?
21
Suppose 62*i = 67*i - 2420. Let x = i + -390. What is the highest common divisor of 1222 and x?
94
Let b(r) = -r**2 + 1317*r - 56002. Let i be b(44). Suppose d - 2360 = -3*d. What is the greatest common divisor of i and d?
10
Let c(x) = 22*x + 195. Let p be c(-8). Let d = -10 - -10. Suppose -4*a + 346 + 186 = d. What is the highest common factor of p and a?
19
Suppose -4*h - 5*o = -5490, 3*h - 2*o - 551 - 3555 = 0. What is the greatest common factor of h and 20?
10
Suppose 0 = -34*r + 31*r. Suppose h + 5 = 5*y, -3*y + 3*h = 3 - 18. Let v be r/(-2) + 9 - (-2 - y). What is the highest common divisor of 88 and v?
11
Suppose -4*r = 5*y - 723, 2*y = -57*r + 58*r + 297. What is the highest common divisor of y and 1512?
21
Suppose 2133 = 100*s + 333. Suppose 3*z + 13 = 3*i + 160, 5*i = 2*z - 110. What is the highest common divisor of z and s?
9
Let p be (3/8)/(14/((-224)/(-12)))*774. Calculate the highest common divisor of p and 559.
43
Suppose 3*d - 700 = 2*r + 3*r, 2*d - 3*r - 465 = 0. Let k = -223 + d. Calculate the greatest common factor of k and 16.
2
Let b be ((-3)/(9/(-37)))/(15/90). Calculate the greatest common factor of b and 2627.
37
Let w be 9/2*13*2. Let v(u) = -u**3 + 4*u**2 + 13*u - 5. Let j be v(6). Let m be 76 + j/10 + (-285)/(-150). Calculate the highest common factor of m and w.
39
Suppose 19*f - 350 = 12*f. Let n = 130 - f. What is the greatest common divisor of 120 and n?
40
Suppose -3*v - 6512*u + 23978 = -6514*u, 0 = -v - 4*u + 7960. What is the highest common divisor of v and 4?
4
Let c = -4651 - -4759. Calculate the highest common divisor of 1476 and c.
36
Let w = 6 + 22. Let u be w + 3 + -2 + -1. Let m(k) = 3*k**2 - 20*k - 303. Let g be m(17). What is the greatest common factor of u and g?
28
Suppose 7*i - 183 - 517 = 0. Let b = 375 + -371. What is the greatest common divisor of b and i?
4
Let z(l) = -l**2 - 2*l - 27. Let y be z(0). Let u = y + 27. Suppose 3*f - 3 - 15 = u. What is the highest common divisor of f and 9?
3
Let i(r) = -r**2 - 7*r + 33. Let d be i(-10). Suppose 0*f = d*f - 264. What is the greatest common divisor of f and 8?
8
Let g be (80/(-90))/((-8)/36). Calculate the greatest common factor of 118 and g.
2
Let v be (-6)/8 + 1 - (-3311)/4. Let t = v - 564. Calculate the greatest common divisor of 33 and t.
33
Let m = 155 + -115. Let k = m + 24. What is the highest common factor of k and 176?
16
Let t be 15236/36 - 30/2295*17. What is the greatest common factor of 799 and t?
47
Suppose 2*r + 27 = -x, -7*x + 2*x + r = 157. Let y(z) = z**2 + 27*z - 95. Let m be y(x). What is the greatest common factor of 116 and m?
29
Let h(g) = -g - 13*g + 11 - 22*g - 7*g. Let s be h(-3). Calculate the highest common divisor of 70 and s.
70
Let y be 0 - ((-244)/24 + (-5)/6). What is the highest common factor of y and 16654?
11
Suppose 877*y - 3772*y + 729173 = -136432. Let z = 11 + 2. Calculate the greatest common factor of z and y.
13
Let r be (-29)/(2030/(-75285))*((-4)/(-3) - 0). What is the highest common divisor of r and 24?
6
Let q be (-4 - 1972/12)*36/(-60). What is the highest common factor of q and 1919?
101
Let s = 25060 + -24839. Let x(m) = -4*m - 3. Let u be x(-5). What is the highest common factor of u and s?
17
Let k(p) = p**3 + 6*p**2 - 11*p + 24. Suppose -50 + 127 = -11*s. Let d be k(s). Calculate the greatest common divisor of 104 and d.
52
Let j be (-6 + 15)/((-36)/(-8)). Suppose 169 = -j*v + 793. What is the highest common factor of 8 and v?
8
Suppose -6 = 2*f, f = -s - 0 - 2. Suppose s + 5 = 2*q. Suppose -u - 1 + 44 = 5*c, 5*c - 37 = -4*u. Calculate the highest common divisor of c and q.
3
Let z be -10*(-1 + -3 + 3). Suppose z*l = -4*l + 336. Let r be (-5 - (-34)/4)*l. Calculate the greatest common factor of 21 and r.
21
Let b(a) = -2*a**3 - 6*a**2 - 7*a - 2. Let j be b(-1). Let g be (j + 574/4)*(-6 + 8). What is the greatest common factor of g and 17?
17
Suppose -240 = -9*u - 4227. Let z = u + 447. What is the greatest common divisor of z and 268?
4
Let y(h) = -h**2 - 5*h + 38. Let t be y(0). Calculate the greatest common divisor of 57 and t.
19
Let x be 8/52 + (-180)/(-13). Suppose -2*v - 290 = -3*j, 7*j = 4*j - 2*v + 310. Suppose 13*p - j = 173. Calculate the highest common factor of x and p.
7
Suppose 3*x = -g + 30 + 189, x - 2*g = 80. Let t = 536 - x. Calculate the greatest common divisor of 11 and t.
11
Let g(o) = o**3 - 16*o + 44. Let s be g(10). Suppose -9*y + 817 = -s. What is the highest common divisor of y and 63?
63
Let k = 10 + -10. Suppose 4*s - 60 - 164 = k. What is the highest common factor of 8 and s?
8
Suppose 2*s = -3*c + 377, 2*c - 195 = -2*s + 55. Let t = 174 - c. Calculate the greatest common divisor of 94 and t.
47
Let a(n) = n + 17. Suppose 0 = -7*g - 73 - 60. Let j be a(g). Let t be (-20)/((-8)/j) - -170. What is the greatest common factor of 11 and t?
11
Suppose -38 = -12*g + 106. Suppose 0 = g*r - 0*r - 540. What is the highest common factor of r and 75?
15
Let w(g) = -g**3 